the thousands digit of k?
3
Let x(i) = i**3 + 12*i**2 + 11*i - 10. Let d be ((-6)/9 + (-20)/(-12))*-7. What is the tens digit of x(d)?
5
What is the tens digit of (749/(-28) - -6)/(2/(-8))?
8
Let y be ((-28)/(-35))/((-1216)/610 - -2). Suppose -17*u = -15*u - y. What is the tens digit of u?
6
Suppose 3*z = 4*z + 22. Let m be (0 - -4)*z/(-8). Suppose -4*t = -13 - m. What is the units digit of t?
6
Suppose -3*k + 5*h + 5180 = 135, 0 = -5*k - h + 8399. What is the tens digit of k?
8
Let n(r) = -2*r - 14. Let l(w) = -5*w - 28. Let z(c) = 3*l(c) - 7*n(c). Let a be z(10). Suppose -y = -a*y + 27. What is the units digit of y?
9
Suppose 16 = -j + 3*j. Let z be 5 + 2 - (1 - 0). Let m = j - z. What is the units digit of m?
2
Suppose n - 471 = 4*v, 0 = -5*n + 8*n + v - 1361. What is the units digit of n?
5
Let x(p) = 0 + 1 - 6*p + 28 + 17. What is the units digit of x(-7)?
8
Let j = 56 + -29. Let w = j - 17. Let a = 48 - w. What is the tens digit of a?
3
Let j(n) = 2*n**2 - 5*n - 5. Let i be j(7). Suppose -24 - 6 = -w. Let y = i - w. What is the units digit of y?
8
Let q be 954/(-27)*(3 + 0). Let m = -11 - q. What is the tens digit of m?
9
Suppose 415 + 1266 = j. What is the thousands digit of j?
1
Let h(u) = 53*u - 3. Let o = 13 - 11. Let d be h(o). Suppose -d + 38 = -5*v. What is the units digit of v?
3
Let j be (2 + -3)*(0 - 349). Suppose 8*o = 3*o - 2*p + 420, 4*o - p - j = 0. What is the tens digit of o?
8
Let a be (-18)/4*32/(-12). Suppose -z - 2255 = -a*z. What is the tens digit of z?
0
Let g = 632 + -97. What is the units digit of g?
5
Let g be 2 - (-5)/((-20)/(-32)). Suppose 3*w - 2*i = -18 + 53, -5*i + g = -w. What is the tens digit of w?
1
Suppose -21*f - b = -22*f + 722, -5*f - b = -3616. What is the units digit of f?
3
Suppose -5*c = -4*c + 9. Let p(t) be the third derivative of -t**4/24 - 5*t**3/6 - t**2. What is the units digit of p(c)?
4
Suppose -s + 26 = 3*d, 10 = d + s - 0*s. Let x = d - -9. Suppose 4*r + x = 69. What is the tens digit of r?
1
Let c = -203 + 374. What is the hundreds digit of c?
1
Let i = 1 + -6. Let w be ((-1)/(-2))/(i/(-60)). Suppose l - 30 = -2*z, -l + 3*z = -w*l + 164. What is the units digit of l?
4
What is the units digit of 1*5/(20/3284)?
1
Suppose -897 = -3*a - 4*o, 2*o + 299 = a - 0*o. What is the units digit of a?
9
Let g be (-1)/(-3) - (-4063)/51. Let o(r) = r**2 - 14*r + 15. Let j be o(12). Let p = g + j. What is the units digit of p?
1
Let j be (5 - 1) + 2 + -2 + -1. Suppose j*t = -5*u + 588, -185 = -4*u + 4*t + 279. What is the hundreds digit of u?
1
Suppose 0 = 3*m - 5 - 4. Suppose -5*k = 4*u - 328, -m*k + 3*u + 281 = k. Suppose -49 = -3*x + k. What is the tens digit of x?
3
Suppose -3*y = -3*m + 24, -3*m + m + 4*y + 22 = 0. Suppose -5*g + m*w + 279 = w, 0 = -3*g - 2*w + 185. What is the tens digit of g?
5
Let u(z) = -5*z**3 + 4*z + 3. Let l(k) = 14*k**3 - 11*k - 9. Let r(q) = 6*l(q) + 17*u(q). Let d be r(2). Let y = d + 24. What is the tens digit of y?
1
Let k(f) be the third derivative of f**4/24 - f**3/6 + 7*f**2. Let g be k(4). Suppose -5*l - 1 = -g*n, -4*l - 12 = -6*l - 5*n. What is the units digit of l?
1
Let y be (3/(-6))/((-2)/(-44)). Let s = -6 - y. Suppose s*g = 4*q + 70, 2*g = 7*g + 4*q - 70. What is the tens digit of g?
1
Let k(b) = -5*b**3 - 38*b**2 + 24*b + 41. Let x(c) = 3*c**3 + 19*c**2 - 12*c - 21. Let o(j) = -4*k(j) - 7*x(j). What is the tens digit of o(18)?
9
Let u be (243/(-6))/((-6)/(-8)). Let l = 91 + u. What is the units digit of l?
7
Suppose -z = -6*z - 95. Let j(l) = -l**3 - 18*l**2 + 18*l - 17. What is the units digit of j(z)?
2
What is the units digit of 2*(-9 - 518/(-4))?
1
Suppose 7*c + 42 = 4*c. Let m be (2 - -25) + 0/2. Let v = c + m. What is the tens digit of v?
1
Suppose 4*a - 9 = -1. Let z be ((-17)/(-4))/((-7)/(-28)). Suppose 0 = 2*m + 3*d - d - 14, 0 = 3*m + a*d - z. What is the units digit of m?
3
Let r(x) = 18*x - 268. What is the units digit of r(22)?
8
Suppose 0 = 4*s + 5*m - 3536, 34*m - 30*m = 2*s - 1768. What is the tens digit of s?
8
Suppose -n - x - x - 26 = 0, -x + 29 = -n. Let j = n - -41. Let i = j - -3. What is the tens digit of i?
1
What is the units digit of 2 - (-4 + 5) - -2147*1?
8
Let d(u) = -7*u**2 - u - 20. Let i(j) = -6*j**2 - j - 21. Suppose 2*m + 3*s - 2 = -s, 3*s - 9 = 0. Let b(y) = m*i(y) + 4*d(y). What is the units digit of b(0)?
5
Let y(j) = 9*j - 46. Let z be y(6). What is the tens digit of 1/(-1) + (1 + 4)*z?
3
What is the units digit of (-6 - (-260)/50)/(4/(-7190))?
8
Let a be ((-5)/(-2))/(1/(-82)). What is the tens digit of (1 - 3)/(10/a)?
4
Let g(z) = z**2 - 6*z + 7. Let j be (-78)/24 + (-2)/(-8). Let n be 2/j + 160/24. What is the units digit of g(n)?
7
Suppose 126 = 56*b - 53*b. Let n be 2/(0 + 4/(-30)). Let l = n + b. What is the units digit of l?
7
Let c(n) = 4*n**2 + 13*n - 17. Let r(a) = 5*a. Let b be r(1). What is the tens digit of c(b)?
4
Suppose -2*a = 2*p + 77 - 333, 0 = -3*a - 2*p + 386. What is the hundreds digit of a?
1
Let r = 83 + 38. Suppose g + 0*g = -5*f + 307, g - r = -2*f. What is the units digit of f?
2
Let d(x) = -2*x**3 - 12*x**2 + 4*x - 6. What is the tens digit of d(-8)?
1
Let p = -1406 + 2996. What is the hundreds digit of p?
5
Suppose -2*m + 42 = -0*m. What is the tens digit of (m/12)/((-1)/(-24))?
4
Let m(c) = 127*c + 303. What is the thousands digit of m(46)?
6
What is the tens digit of (1060/80)/((-1)/(-44))?
8
Let h(l) = -5*l + 0*l - l**2 - 4*l + 8 - 3*l. Let q be h(-12). What is the units digit of (4 + 0)*6/q?
3
Let j(s) = -84*s + 21. What is the hundreds digit of j(-5)?
4
Let q(t) = 4*t + 9*t + 11 - 12*t. What is the units digit of q(13)?
4
Let w be (-12)/(-1)*7/(-7). Let p(f) = f**2 + f - 28. Let q be p(w). Suppose -q = -3*h + h. What is the units digit of h?
2
Suppose -2*i - 5*f = -4121, i + 2*f - 1628 = 434. What is the tens digit of i?
6
Suppose -x - 5 = -2*x. Suppose -x*r - 2*f = -89 - 36, 0 = 2*r + 3*f - 61. What is the units digit of (3 + -2)*r + 1?
4
Let j = 29 + -50. Let q = 27 + j. What is the units digit of q?
6
Suppose -2*h - 2 = -4*h, 124 = -2*t - 2*h. Let y = t - -80. What is the tens digit of y?
1
Let n be (-6 - 8)/(2*-1) + 3. What is the tens digit of 96*(24/(-40))/((-8)/n)?
7
Let m(p) be the second derivative of 1/6*p**3 + p**2 + 0 + p + 1/20*p**5 - 1/12*p**4. What is the units digit of m(0)?
2
What is the thousands digit of (3730/(-5) + 7)*-2?
1
Suppose -9 = 3*z - 12. What is the tens digit of ((-130)/20)/(z/4*-2)?
1
Let b = -413 - -981. Suppose -3*w - b - 40 = -4*c, -20 = -5*w. What is the hundreds digit of c?
1
Suppose -2*n + 0*n - 5*l - 50 = 0, -5*n + 3*l = 63. Let m be 3/15 - (-33)/(-15). What is the units digit of (-235)/n + m/3?
5
Let i(a) = a + 11. Let l be i(5). Suppose 4*f + 3 = 5*t - 17, -3*f + l = 4*t. What is the units digit of t?
4
Let x = 1124 + -654. What is the tens digit of x?
7
Let z be ((-2528)/80)/(((-8)/10)/2). What is the tens digit of 2/9 + 57/27*z?
6
Let v(b) = -6 + 17*b + 3 + 2. What is the units digit of v(1)?
6
What is the units digit of (-2238)/12*(-23)/(115/90)?
7
Let d = -159 + -48. Let p = 429 + d. What is the units digit of p?
2
Let c = 870 + -368. What is the tens digit of c?
0
Let m(v) be the third derivative of v**5/30 + 7*v**4/12 + 3*v**3/2 + 4*v**2. Let z be m(-7). Suppose 155 = z*g - 4*g. What is the units digit of g?
1
Suppose -2*y - h = -89, -y + 22 = -0*h - 4*h. Suppose 0 = -o - o + y. What is the tens digit of o?
2
Suppose -i - k + 6*k = -606, 5*k + 2409 = 4*i. What is the units digit of i?
1
Suppose 0*s - 52 = 4*s. What is the units digit of (-7)/2 - s/26 - -47?
4
Let f = -1105 + 2265. What is the units digit of f?
0
Let a(f) be the second derivative of -f**5/10 - f**4/3 + f**3/2 - f**2/2 + f. Let v be a(-4). Suppose 159 - v = 4*p. What is the units digit of p?
7
Let y = 1 + 13. Let j = -7 + y. Let l(d) = 5*d + 4. What is the units digit of l(j)?
9
Let b(y) be the third derivative of -y**7/840 + y**5/60 + 2*y**2. Let l(c) be the third derivative of b(c). What is the tens digit of l(-7)?
4
Suppose 3*c - 2*c = 2*t + 580, -3*c - t = -1775. What is the tens digit of c?
9
Let u(y) = -38*y - 51. What is the tens digit of u(-7)?
1
Let q = -28 - -30. Suppose -102 = -3*x + 3*l, -7*x + 170 = -q*x + l. What is the units digit of x?
4
Let q(k) be the sec